t is the greatest common factor of 22 and 242?
22
Calculate the greatest common factor of 324 and 1812.
12
Calculate the greatest common factor of 132 and 24.
12
Calculate the highest common divisor of 42 and 2422.
14
What is the highest common divisor of 1010 and 10?
10
What is the highest common divisor of 5 and 955?
5
What is the greatest common factor of 153 and 531?
9
Calculate the greatest common divisor of 7700 and 20.
20
Calculate the highest common factor of 15192 and 108.
36
Calculate the greatest common factor of 58 and 21025.
29
Calculate the greatest common divisor of 6394 and 92.
46
Calculate the greatest common divisor of 338 and 26.
26
Calculate the highest common factor of 34 and 3706.
34
Calculate the highest common divisor of 39 and 20592.
39
What is the greatest common divisor of 377 and 13?
13
Calculate the highest common factor of 3055 and 235.
235
Calculate the highest common factor of 187 and 51.
17
What is the greatest common divisor of 45 and 18?
9
Calculate the greatest common divisor of 480 and 1280.
160
Calculate the highest common factor of 7954 and 246.
82
Calculate the greatest common divisor of 384 and 60.
12
What is the greatest common divisor of 42 and 7630?
14
What is the highest common factor of 561 and 11?
11
What is the greatest common divisor of 162 and 729?
81
Calculate the greatest common divisor of 116 and 46052.
116
Calculate the greatest common factor of 5144 and 8.
8
What is the greatest common divisor of 102 and 3009?
51
What is the highest common divisor of 868 and 84?
28
What is the greatest common factor of 2432 and 19?
19
Calculate the highest common divisor of 71 and 1136.
71
Calculate the highest common factor of 36 and 3924.
36
What is the highest common divisor of 156 and 18954?
78
Calculate the greatest common factor of 59 and 413.
59
What is the highest common divisor of 1450 and 58?
58
What is the highest common divisor of 98 and 112?
14
What is the highest common divisor of 111 and 3?
3
Calculate the highest common divisor of 156 and 60.
12
What is the greatest common factor of 768 and 2?
2
What is the greatest common factor of 1580 and 620?
20
Calculate the highest common divisor of 57344 and 7.
7
Calculate the highest common factor of 4015 and 440.
55
Calculate the greatest common factor of 137216 and 134.
134
Calculate the highest common divisor of 265 and 3021.
53
What is the greatest common divisor of 253 and 23?
23
Calculate the greatest common divisor of 6467 and 29.
29
What is the greatest common divisor of 203 and 5075?
203
Calculate the highest common divisor of 2105 and 15.
5
What is the highest common factor of 78 and 24?
6
Calculate the highest common divisor of 135 and 2505.
15
Calculate the greatest common factor of 864 and 192.
96
What is the highest common factor of 2340 and 108?
36
Calculate the highest common factor of 224 and 392.
56
What is the greatest common divisor of 963 and 18?
9
Calculate the highest common factor of 486 and 48.
6
What is the greatest common divisor of 640 and 10?
10
Calculate the greatest common factor of 85 and 289.
17
What is the highest common factor of 68 and 85?
17
What is the highest common divisor of 14 and 742?
14
What is the greatest common divisor of 438 and 730?
146
What is the greatest common divisor of 621 and 69?
69
Calculate the highest common divisor of 42 and 567.
21
What is the highest common factor of 144 and 192?
48
What is the greatest common divisor of 6524 and 1165?
233
Calculate the greatest common divisor of 60 and 2140.
20
Calculate the highest common factor of 18 and 48.
6
Calculate the greatest common divisor of 115 and 15.
5
What is the greatest common divisor of 33 and 8976?
33
What is the highest common factor of 11 and 11?
11
Calculate the greatest common divisor of 1776 and 192.
48
Calculate the greatest common divisor of 7064 and 8.
8
Calculate the greatest common factor of 10355 and 380.
95
What is the greatest common factor of 802 and 2?
2
What is the greatest common divisor of 207 and 52578?
207
Calculate the highest common factor of 79 and 128533.
79
Calculate the highest common divisor of 70 and 98.
14
Calculate the greatest common divisor of 22 and 54.
2
Calculate the greatest common factor of 2457 and 546.
273
What is the greatest common factor of 78 and 741?
39
Calculate the highest common factor of 35 and 826.
7
Calculate the greatest common divisor of 9 and 681.
3
What is the highest common factor of 1225 and 2107?
49
Calculate the greatest common factor of 572 and 484.
44
What is the highest common factor of 320 and 15?
5
What is the highest common factor of 1386 and 1694?
154
Calculate the highest common factor of 10530 and 10.
10
What is the greatest common factor of 156 and 1924?
52
What is the highest common divisor of 80 and 13820?
20
What is the highest common divisor of 16 and 176?
16
Calculate the highest common divisor of 20 and 20.
20
What is the greatest common divisor of 2 and 14?
2
Calculate the greatest common divisor of 28 and 1316.
28
What is the greatest common factor of 104 and 52?
52
Calculate the greatest common factor of 168 and 36.
12
Calculate the greatest common divisor of 896 and 42.
14
What is the highest common factor of 407 and 44?
11
What is the greatest common divisor of 100 and 40?
20
Calculate the highest common factor of 483 and 69.
69
What is the highest common divisor of 16 and 112?
16
What is the greatest common divisor of 1073 and 87?
29
Calculate the greatest common factor of 20 and 5195.
5
What is the greatest common divisor of 63 and 49?
7
What is the greatest common factor of 679 and 194?
97
What is the highest common factor of 176 and 132?
44
What is the highest common divisor of 3224 and 10881?
403
Calculate the greatest common factor of 160 and 2060.
20
What is the highest common factor of 300 and 96?
12
What is the highest common factor of 13 and 533?
13
What is the greatest common divisor of 16 and 2244?
4
What is the highest common factor of 2277 and 44?
11
Calculate the greatest common factor of 658 and 14.
14
What is the greatest common divisor of 75 and 2400?
75
What is the greatest common divisor of 1584 and 2304?
144
What is the highest common factor of 17875 and 125?
125
What is the highest common factor of 64 and 608?
32
What is the greatest common divisor of 1529 and 88?
11
Calculate the highest common factor of 28670 and 488.
122
Calculate the highest common divisor of 25 and 350.
25
What is the greatest common factor of 1127 and 4214?
49
What is the highest common divisor of 198 and 286?
22
What is the highest common factor of 3332 and 1568?
196
What is the highest common divisor of 7 and 217?
7
What is the greatest common factor of 2865 and 45?
15
Calculate the greatest common factor of 108 and 5562.
54
What is the highest common divisor of 11 and 869?
11
What is the greatest common divisor of 10 and 10?
10
Calculate the highest common divisor of 238 and 374.
34
Calculate the highest common divisor of 754 and 26.
26
What is the greatest common factor of 502 and 8?
2
What is the highest common factor of 725 and 50?
25
Calculate the greatest common factor of 260 and 620.
20
What is the greatest common factor of 756 and 864?
108
What is the highest common divisor of 10336 and 17?
17
Calculate the greatest common factor of 176 and 22.
22
What is the greatest common divisor of 666 and 54?
18
What is the greatest common factor of 90 and 12?
6
Calculate the greatest common factor of 18 and 450.
18
Calculate the highest common factor of 35 and 35.
35
Calculate the greatest common divisor of 8 and 40.
8
Calculate the highest common divisor of 56 and 588.
28
What is the greatest common divisor of 30 and 705?
15
Calculate the highest common divisor of 5522 and 66.
22
Calculate the greatest common divisor of 16756 and 354.
118
What is the greatest common factor of 301 and 56?
7
What is the highest common factor of 288 and 216?
72
What is the highest common divisor of 779 and 1045?
19
What is the highest common factor of 486 and 540?
54
What is the greatest common factor of 252 and 144?
36
Calculate the greatest common divisor of 42172 and 104.
52
Calculate the highest common factor of 561 and 627.
33
What is the highest common factor of 185 and 11